- -12)?
-4
Evaluate -4 - (3 - (5 + -3)).
-5
Evaluate (2 - 6 - 13) + 10.
-7
Calculate 7 + 6 + -4 + (-1 - 3).
5
What is 2 + 2 + -3 - -2?
3
Evaluate -8 + 4 + 1 + 6.
3
What is 7 - 8 - (12 - 16)?
3
Calculate (-4 - 1) + 13 + -11.
-3
Calculate 0 - 5 - -2 - (9 + -9).
-3
Calculate 79 + -83 - ((-7 - 1) + 2).
2
What is the value of (-2 + 5 - 3) + 2 + -3?
-1
-1 - -2 - (-3 + 3 + -2)
3
-7 - (-9 - -2) - 4
-4
Calculate (0 - 3) + 1 + 11 + -8.
1
4 + (-1 - 1 - -3)
5
What is 4 - (-1 - (-12 + 2))?
-5
Evaluate 3 + (3 - (4 + -1)).
3
5 + -8 + 0 + 5 + -5
-3
Calculate -2 + (-3 - -11 - 8) - 4.
-6
14 + -15 - (1 + 2 - 2)
-2
Evaluate -12 + (5 - (2 + -10)).
1
Calculate 0 - (-1 - ((-2 - -4) + -3)).
0
What is -6 + 5 - (-4 - -5)?
-2
Evaluate -4 - 1 - (-19 - -17).
-3
Evaluate 0 + (2 - 2 - 0) + 4.
4
Evaluate (-3 + -5 - -4) + 10.
6
Evaluate (-1 - 3) + (2 - 2) + 3.
-1
What is -2 + 4 + -2 - 2 - -6?
4
(5 - (3 + 0 - 4)) + -5
1
What is the value of 5 - (-2 - (-2 - 2))?
3
-4 - (3 + 1 - 7)
-1
Evaluate -5 + 12 + -14 - -1.
-6
(206 - 213) + (8 - 0 - 1)
0
What is (8 - (2 + -2 + 5)) + 1?
4
What is the value of 7 + (0 - (9 - 4))?
2
What is 5 + 6 + (-11 - -3) + 0?
3
Evaluate 22 + -19 + (1 - -1) - 9.
-4
What is -3 + (16 - (4 + 6))?
3
23 + -15 - (15 + -4)
-3
Evaluate -5 + 8 - (1 + 0) - -3.
5
What is -6 + 15 + -2 + -4?
3
(-32 - -28) + 0 + -1
-5
Evaluate 7 + -13 + (0 - (1 + -4)).
-3
Evaluate (-6 - -5 - (4 - 2)) + -1.
-4
What is the value of 3 + (4 + (5 - 13) - -6)?
5
What is the value of -4 + (0 - -8) + -9?
-5
Calculate 3 + -1 + (0 - (2 + -3)).
3
Evaluate 13 + 4 + -7 + -18.
-8
Evaluate (-2 - 2) + 4 + 1 + -4.
-3
What is the value of (11 - (6 - -7)) + -1 + 5?
2
Calculate -2 + 1 + 4 + 5 + -3.
5
What is (-5 - (1 + -2 - 2)) + 5?
3
What is the value of -2 - (1 + 12 + -10)?
-5
Evaluate -21 + 17 - (0 - 4) - -2.
2
Calculate 1 + (4 - 1) + 12 + -16.
0
What is -3 - 0 - (1 - -1)?
-5
What is 3 + (-1 - (4 - 7))?
5
Evaluate -2 + (-6 - -6) - -1.
-1
(38 - 38) + (-1 + 3 - 8)
-6
Calculate (2 - 1) + 3 - (3 + -1).
2
Evaluate -3 + 1 - (-5 - (2 - 2)).
3
Calculate (-3 - 1) + (2 - (-5 - -6)).
-3
Evaluate 9 + -12 + 4 + -4.
-3
Calculate 3 + 0 - (2 + -8 + 7).
2
Calculate 11 + (-17 - -11) - (0 + 5).
0
-6 + (-11 - -9 - (-3 + 0))
-5
Calculate (-8 - (0 + 4 + -3)) + 4.
-5
Evaluate (-3 + 4 - -4) + -4 + -4.
-3
Calculate -1 + 4 - (8 + -5 + 0).
0
Evaluate 6 + -2 + -1 + -1 - 0.
2
What is the value of -12 + -1 + 5 - -2 - -8?
2
What is 6 - -1 - (2 + 0 + -1)?
6
What is 0 - (-10 - (-6 - 1))?
3
Evaluate 2 + 1 + -7 + 2.
-2
What is the value of 2 - (-5 + 1) - (-6 + 9)?
3
What is the value of 4 - (5 - (1 - 2))?
-2
What is the value of 0 + -3 + (-3 - 0) + 4?
-2
What is -4 - (-2 - (-1 + 1 - -1))?
-1
What is the value of (-1 - (4 - 4)) + -1?
-2
Calculate 1 + 0 + 1 + 3 + -7.
-2
What is the value of 0 - ((0 - 5) + 9)?
-4
What is (11 - 8) + -6 - (0 + -1)?
-2
Evaluate -5 + 4 - ((-2 - 0) + 5).
-4
Calculate -1 - -2 - (8 + -3 + 2).
-6
Evaluate -3 - (-1 + -2) - -6 - 3.
3
Calculate (-22 - 6 - -14) + 21.
7
Calculate (-12 - -8) + (-5 + 7 - 6).
-8
What is -3 + 4 + -7 - (-26 + 20)?
0
(5 - (2 + -5)) + -7
1
-7 + -1 + (6 - (1 + 2))
-5
What is 3 + -3 - (-2 - -1)?
1
Evaluate 0 + 0 + -3 - (10 - 12).
-1
Evaluate (6 - 10) + (7 - 0).
3
Evaluate (-2 - -6) + -9 + 10 + -4.
1
What is (-1 - -3) + (-6 - (1 + -6))?
1
7 + (-8 - 2) - -7
4
(3 - (-4 + 3)) + (0 - -3)
7
Calculate -3 + -4 + 4 + 0.
-3
What is the value of -6 + -1 - -4 - -1 - -7?
5
What is the value of -5 + 4 + -3 + -1?
-5
-1 - 4 - (-4 + -1)
0
-5 + 8 + -5 + 2 + -1
-1
What is the value of (-8 - -5) + (1 - 0)?
-2
Evaluate (-1 + 1 - 4) + -1.
-5
What is (-9 + (13 - -8) - 4) + -13?
-5
What is -1 - ((1 - 4) + 5)?
-3
Evaluate (-3 - 4) + 9 + -5.
-3
Calculate 2 - ((1 - -1) + 2 - -1).
-3
-7 + -4 + 1 + 11
1
What is -9 - (-9 + -1 - -12)?
-11
What is the value of 8 + -1 + -16 - -5?
-4
What is -4 + 3 + 3 + -2 + 1?
1
6 - (-1 + 1 - -2)
4
What is 2 + (-9 - (-9 - -3))?
-1
Calculate 0 + 0 + 3 - 1.
2
Evaluate -2 - -2 - 3 - 1.
-4
What is (-1 - (-6 - -2)) + 2?
5
Calculate -1 + -3 - (-6 + 7).
-5
Evaluate 6 - (-1 - (10 - 9)).
8
-7 - ((14 - 8) + (-4 - 3))
-6
What is the value of (1 - (-2 + 0 + 3)) + 0?
0
-11 - (-6 + -6 + 9) - -5
-3
(12 - (-6 - -14)) + 0
4
Calculate -7 + 3 + 5 + -1 + 4.
4
What is 7 + -3 - 1 - 3?
0
What is 5 - (-3 - -10) - (4 - 10)?
4
What is the value of -1 - 2 - ((1 - 4) + 2)?
-2
Evaluate 1 + 8 + (-8 - -3).
4
What is (-30 - -26) + (0 - -3) + 2?
1
5 + (-5 + -3 + 2 - 0)
-1
What is -1 - (-4 + -3 + 1)?
5
Evaluate 10 - (13 + -5 + -6).
8
What is (0 - 12) + (13 - (2 + 7))?
-8
What is the value of (-1 - 1) + 3 + (6 - 5)?
2
Calculate -2 + (-2 - (-1 - 3)).
0
Evaluate 10 - (8 - 3 - -4).
1
Calculate 1 + 1 - (-5 - (-4 - -2)).
5
What is the value of -6 + (0 - -1 - 0) - -3?
-2
What is the value of 9 + -4 + -13 - -5?
-3
6 - (-3 - (-11 - -5)) - 7
-4
Calculate -1 + 2 + (-25 - -20).
-4
Evaluate -3 + 1 - (1 + -4 - -5).
-4
Evaluate (12 - 12) + (0 - -4).
4
What is (1 + -3 - (1 + -2)) + 2?
1
(5 - 11) + 4 + (1 - 3)
-4
Evaluate 4 + -1 + 0 + -1 + -1.
1
Calculate -14 + 15 - (4 - 0).
-3
Evaluate (-5 - 0) + 1 + 1.
-3
Evaluate 2 - (-18 + 16 - (-7 - 0)).
-3
Evaluate -2 - (4 + (-4 - -2) - 3).
-1
(-3 - -10) + -11 + 6
2
Calculate 0 + (0 - (-1 - (-1 + -3))).
-3
What is -9 - (-5 + 8 - 15)?
3
What is the value of 0 - (0 + 4) - -8?
4
Evaluate -4 - (-4 + (1 + 1 - 0)).
-2
1 - -1 - (-8 + 3 - -11)
-4
What is 1 - (-4 - -8) - (-3 + 2)?
-2
Calculate -11 + -1 + 10 + -4.
-6
Evaluate -2 + (6 + -9 - -8).
3
Evaluate -14 + 8 + 0 + 2.
-4
What is the value of -8 + -14 + 26 + -2?
2
Calculate -6 - ((4 - 3) + -3).
-4
Calculate 5 - (-5 + (12 - 1)).
-1
(1 - 2) + 1 + -1
-1
1 + -5 + (-15 - -23) + -8
-4
Evaluate -22 - -27 - (0 - (1 - 1)).
5
Evaluate 0 + 0 + 0 + 5.
5
Calculate (11 + 0 - 7) + -2.
2
What is (2 - 0 - -5) + (-36 - -30)?
1
What is -6 + -1 + -2 + 9?
0
Calculate 5 - (9 + -15 + 23 + -3).
-9
What is the value of 9 + -4 + -5 - 1?
-1
1 - (4 - (-2 + 4 + 0))
-1
Calculate -1 - -2 - 3 - -4.
2
What is -9 + 7 + 3 + -5?
-4
What is the value of (9 + -4 - 1) + 0?
4
What is the value of 12 - (-13 + 17) - (2 - 3)?
9
(-7 - 2 - -1) + 13
5
What is the value of 5 - (5 + -8 - -10)?
-2
What is 13 - 4 - 6 - (-3 + 6)?
0
What is the value of -14 - ((7 - 8) + -8)?
-5
Calculate -16 + (8 - 3 - 0) - -5.
-6
What is (-4 - -9 - 6) + -3 + -1?
-5
What is the value of (0 - (14 + -2)) + 7?
-5
What is the value of -2 + -2 - (-5 - -9 - 4)?
-4
What is (2 + -6 - -6 - -1) + 2?
5
What is the value of 4 - (-4 - -3) - (-9 - -13)?
1
Calculate (-11 - -10) + -5 + -1.
-7
Evaluate 2 - (4 - (2 + 3 - 4)).
-1
Evaluate -2 + (-13 - (8 + -16) - -9).
2
What is the value of (2 - -1 - (-6 - -2)) + -5?
2
What is the value of -15 + 7 + -3 - -6?
-5
Evaluate -7 + (1 - (-2 - 6 - -1)).
1
What is the value of (7 - 12) + 1 + 0 + 7?
3
What is the value of -70 - -72 - (2 - (1 - 5))?
-4
Calculate 3 - 2 - (3 + -5).
3
What is the value of -2 - (-2 + -1 + 3 + 2)?
-4
-3 + 0 + 3 + -4
-4
Evaluate 6 + 3 + 1 + -8.
2
Calculate 4 - 6 - (-1 + (4 - 2)).
-3
3 + (1 - ((2 - 1) + -2))
5
8 + 0 + -4 + -6
-2
Evaluate -13 + 6 + 8 + (0 - -2).
3
What is -10 - 2 - 5 - -11?
-6
Calculate (-17 - (7 + -8)) + 7.
-9
What is (0 - 4 - -13) + -15?
-6
What is the value of 5 + -2 + (-5 + -1 - -2)?
-1
Evaluate -2 + 3 + -6 - (-2 - -2).
-5
Evaluate -1 + (1 + 0 - -4).
4
What is (-10 + 2 - 0) + 5?
-3
Evaluate 15 + -12 + (2 - (2 - 4)).
7
What is 2 + (-5 - (-6 - -3 - 1))?
1
What is 1 + 0 + (-17 + 2 - -11)?
-3
What is the value of 11 + (4 - 26) + 11?
0
Calculate (-15 - -14) + -1 + -2 - 0.
-4
What is (-9 - (-9 + -1)) + -1 + -1?
-1
Calculate 10 + (-16 - (6 - 12)).
0
Calculate -3 - (-8 + 11 - (1 - -5)).
0
1 + -2 - (24 + -8 + -14)
-3
Calculate -2 + (-8 - (7 + -17)).
0
14 + -4 + (-23 - -8)
-5
Evaluate -18 + 6 + 2 - -9.
-1
What is -5 - (-11 - -3) - 8?
-5
What is 7 + (-4 - 1) - 5?
-3
-3 + 3 + 1 + 4 - -3
8
Evaluate -9 + -7 + 6 + 2.
-8
Calculate 8 + (-1 - 15) - (-14 + -1).
7
Calculate -107 + 117 + 0 + -16.
-6
Calculate (-3 - -1) + 6 + 9 + -7.
6
What is -3 + -1 + 0 + 3 + 6?
5
Calculate 5 - (8 + 2 + 0).
-5
What is 0 - (21 - 16 - (0 - -11))?
6
Evaluate (6 - 2) + (9 - 8) + -1.
4
Calculate 5 + -5 + -5 + 2.
-3
-1 + -8 + (1 - -3)
-5
What is (2 - (4 + 2)) + -5 + 9?
0
What is 0 + -5 - (0 + -7)?
2
What is (-2 - -8) + 1 - 2?
5
Calculate 1 - ((3 - 0) + (-2 - 2)).
2
Calculate -5 - -1 - -8 - 0.
4
Eval